{"id":167,"date":"2023-07-06T20:21:47","date_gmt":"2023-07-06T20:21:47","guid":{"rendered":"http:\/\/clatpu.org\/?page_id=167"},"modified":"2024-02-01T15:12:55","modified_gmt":"2024-02-01T15:12:55","slug":"tabla-de-valores","status":"publish","type":"page","link":"https:\/\/clatpu.org\/ediciones-anteriores\/2024\/tabla-de-valores\/","title":{"rendered":"Tabla de valores"},"content":{"rendered":"\n<div class=\"wp-block-group alignfull is-layout-flow wp-block-group-is-layout-flow\" style=\"margin-top:0px\">\n<div class=\"wp-block-cover\" style=\"margin-top:0px;margin-bottom:0px\"><span aria-hidden=\"true\" class=\"wp-block-cover__background has-background-dim\"><\/span><img decoding=\"async\" class=\"wp-block-cover__image-background wp-image-1005\" alt=\"\" src=\"https:\/\/i0.wp.com\/clatpu.org\/wp-content\/themes\/visualbusiness\/assets\/images\/bg-3.jpeg\" data-object-fit=\"cover\" data-recalc-dims=\"1\"\/><div class=\"wp-block-cover__inner-container is-layout-flow wp-block-cover-is-layout-flow\">\n<div class=\"wp-block-group has-background-color has-text-color is-layout-constrained wp-container-core-group-layout-1 wp-block-group-is-layout-constrained\" style=\"margin-top:0px;margin-bottom:30px\">\n<h2 class=\"has-text-align-center wp-block-heading\">Inscripciones al XXII Congreso LATINOAMERICANO <br>DE TRANSPORTE PUBLICO<\/h2>\n\n\n\n<p class=\"has-text-align-center\">Edici\u00f3n 2023 &#8211; Santo Domingo &#8211; Rep. Dominicana<\/p>\n<\/div>\n<\/div><\/div>\n<\/div>\n\n\n\n<div class=\"wp-block-group is-layout-constrained wp-block-group-is-layout-constrained\" style=\"padding-top:4rem;padding-bottom:5rem\">\n<div class=\"wp-block-group is-layout-constrained wp-container-core-group-layout-3 wp-block-group-is-layout-constrained\">\n<p class=\"has-text-align-center has-text-color\" style=\"color:#025576\">COSTO DE INSCRIPCIONES<\/p>\n\n\n\n<h2 class=\"has-text-align-center wp-block-heading has-large-font-size\" style=\"font-style:normal;font-weight:400\">TABLA DE VALORES<\/h2>\n<\/div>\n\n\n\n<div class=\"wp-block-columns are-vertically-aligned-center is-layout-flex wp-container-core-columns-layout-1 wp-block-columns-is-layout-flex\" style=\"margin-top:3rem\">\n<div class=\"wp-block-column is-layout-flow wp-block-column-is-layout-flow\"><\/div>\n\n\n\n<div class=\"wp-block-column is-vertically-aligned-center is-layout-flow wp-block-column-is-layout-flow\" style=\"flex-basis:500px\">\n<div class=\"wp-block-group hover-shadow has-very-light-gray-to-cyan-bluish-gray-gradient-background has-background is-layout-constrained wp-block-group-is-layout-constrained\" style=\"border-radius:4px\">\n<div class=\"wp-block-group has-background-color has-text-color is-layout-constrained wp-container-core-group-layout-4 wp-block-group-is-layout-constrained\" style=\"padding-top:20px;padding-right:20px;padding-bottom:20px;padding-left:20px\">\n<h2 class=\"has-text-align-center wp-block-heading has-foreground-color has-text-color\" style=\"font-size:1.6rem;font-style:normal;font-weight:400\"><strong>EXCLUSIVO PARA PRESENTADORES DE PONENCIAS<\/strong>*<\/h2>\n\n\n\n<p class=\"has-text-align-center\"><strong>Hasta 31\/01\/2024<\/strong><\/p>\n\n\n\n<p class=\"has-text-align-center has-dark-blue-color has-text-color\" id=\"block-56673f6d-ce3d-4b3a-beb8-29378eb92c35\">Publico en general &#8230;&#8230;&#8230; USD 180<\/p>\n\n\n\n<p class=\"has-text-align-center has-dark-blue-color has-text-color\" id=\"block-ef2679d1-aa8a-4340-a744-4ecadc4a926c\">Estudiante &#8230;&#8230;&#8230;&#8230;&#8230;&#8230;&#8230;. USD  80<\/p>\n\n\n\n<p>*solo v\u00e1lido para estudiantes de pregrado<\/p>\n<\/div>\n\n\n\n<div class=\"wp-block-buttons is-content-justification-center is-layout-flex wp-container-core-buttons-layout-1 wp-block-buttons-is-layout-flex\">\n<div class=\"wp-block-button is-style-outline\"><a class=\"wp-block-button__link has-background-color has-text-color wp-element-button\" href=\"https:\/\/www5.shocklogic.com\/scripts\/jmevent\/Registration.asp?Client_Id=%27GRUPOELI%27&amp;Project_Id=%27CLATPU24%27&amp;System_Id=2&amp;Language_Code=01\">Inscribirse ahora<\/a><\/div>\n<\/div>\n<\/div>\n<\/div>\n\n\n\n<div class=\"wp-block-column is-layout-flow wp-block-column-is-layout-flow\"><\/div>\n<\/div>\n\n\n\n<div class=\"wp-block-columns is-layout-flex wp-container-core-columns-layout-2 wp-block-columns-is-layout-flex\" style=\"margin-top:3rem\">\n<div class=\"wp-block-column is-layout-flow wp-block-column-is-layout-flow\">\n<div class=\"wp-block-group hover-shadow has-background is-layout-constrained wp-block-group-is-layout-constrained\" style=\"border-radius:4px;background:linear-gradient(135deg,rgb(2,85,118) 0%,rgb(96,107,113) 100%)\">\n<div class=\"wp-block-group has-background-color has-text-color is-layout-constrained wp-container-core-group-layout-6 wp-block-group-is-layout-constrained\" style=\"padding-top:20px;padding-right:20px;padding-bottom:20px;padding-left:20px\">\n<h2 class=\"has-text-align-center wp-block-heading has-background-color has-text-color\" style=\"font-size:1.6rem;font-style:normal;font-weight:400\"><strong>Hasta el 15\/11\/2023<\/strong><\/h2>\n\n\n\n<p class=\"has-text-align-left has-small-font-size\"><s>P\u00fablico en general<\/s> &#8230;&#8230;&#8230; <s>USD 180<\/s><\/p>\n\n\n\n<p><s>Estudiante<\/s> *&#8230;&#8230;&#8230;&#8230;&#8230;&#8230;&#8230;. <s>USD 80<\/s><\/p>\n\n\n\n<p>*<sub>solo v\u00e1lido para estudiantes de pregrado<\/sub><\/p>\n<\/div>\n\n\n\n<div class=\"wp-block-buttons is-content-justification-center is-layout-flex wp-container-core-buttons-layout-2 wp-block-buttons-is-layout-flex\">\n<div class=\"wp-block-button is-style-outline\"><a class=\"wp-block-button__link has-background-color has-text-color wp-element-button\"><s>Inscribirse ahora<\/s><\/a><\/div>\n<\/div>\n<\/div>\n<\/div>\n\n\n\n<div class=\"wp-block-column is-layout-flow wp-block-column-is-layout-flow\">\n<div class=\"wp-block-group hover-shadow has-background is-layout-constrained wp-block-group-is-layout-constrained\" style=\"border-radius:4px;background:linear-gradient(135deg,rgb(245,102,0) 0%,rgb(104,66,0) 100%)\">\n<div class=\"wp-block-group has-background-color has-text-color is-layout-constrained wp-container-core-group-layout-8 wp-block-group-is-layout-constrained\" style=\"padding-top:20px;padding-right:20px;padding-bottom:20px;padding-left:20px\">\n<h2 class=\"has-text-align-center wp-block-heading has-background-color has-text-color\" style=\"font-size:1.6rem;font-style:normal;font-weight:400\"><strong><strong>Hasta el 15\/02\/2024<\/strong><\/strong><\/h2>\n\n\n\n<p id=\"block-56673f6d-ce3d-4b3a-beb8-29378eb92c35\">P\u00fablico en general &#8230;&#8230;&#8230; USD 240<\/p>\n\n\n\n<p id=\"block-ef2679d1-aa8a-4340-a744-4ecadc4a926c\">Estudiante* &#8230;&#8230;&#8230;&#8230;&#8230;&#8230;.. USD 100<\/p>\n\n\n\n<p>*<sub>solo v\u00e1lido para estudiantes de pregrado<\/sub><\/p>\n<\/div>\n\n\n\n<div class=\"wp-block-buttons is-content-justification-center is-layout-flex wp-container-core-buttons-layout-3 wp-block-buttons-is-layout-flex\">\n<div class=\"wp-block-button is-style-outline\"><a class=\"wp-block-button__link has-background-color has-text-color wp-element-button\" href=\"https:\/\/www5.shocklogic.com\/scripts\/jmevent\/Registration.asp?Client_Id=%27GRUPOELI%27&amp;Project_Id=%27CLATPU24%27&amp;System_Id=2&amp;Language_Code=01\">Inscribirse ahora<\/a><\/div>\n<\/div>\n<\/div>\n<\/div>\n\n\n\n<div class=\"wp-block-column is-layout-flow wp-block-column-is-layout-flow\">\n<div class=\"wp-block-group hover-shadow has-background is-layout-constrained wp-block-group-is-layout-constrained\" style=\"border-style:none;border-width:0px;border-radius:4px;background:linear-gradient(135deg,rgb(122,220,180) 0%,rgb(79,168,0) 100%)\">\n<div class=\"wp-block-group has-background-color has-text-color is-layout-constrained wp-container-core-group-layout-10 wp-block-group-is-layout-constrained\" style=\"padding-top:20px;padding-right:20px;padding-bottom:20px;padding-left:20px\">\n<h2 class=\"has-text-align-center wp-block-heading has-background-color has-text-color\" style=\"font-size:1.5rem;font-style:normal;font-weight:400\"><strong>A partir del 16\/02\/2024<\/strong><\/h2>\n\n\n\n<p id=\"block-1dee19d1-55ce-4e3c-945b-39747614cd5a\">P\u00fablico en general &#8230;&#8230;&#8230; USD 300<\/p>\n\n\n\n<p id=\"block-13e0f42a-0bd1-4216-9c70-5d6d11981b9a\">Estudiante* &#8230;&#8230;&#8230;&#8230;&#8230;&#8230;.. USD 120<\/p>\n\n\n\n<p>*<sub>solo v\u00e1lido para estudiantes de pregrado<\/sub><\/p>\n<\/div>\n\n\n\n<div class=\"wp-block-buttons is-content-justification-center is-layout-flex wp-container-core-buttons-layout-4 wp-block-buttons-is-layout-flex\">\n<div class=\"wp-block-button is-style-outline\"><a class=\"wp-block-button__link has-background-color has-text-color wp-element-button\" href=\"https:\/\/www5.shocklogic.com\/scripts\/jmevent\/Registration.asp?Client_Id=%27GRUPOELI%27&amp;Project_Id=%27CLATPU24%27&amp;System_Id=2&amp;Language_Code=01\">Inscribirse ahora<\/a><\/div>\n<\/div>\n<\/div>\n<\/div>\n<\/div>\n\n\n\n<p>Inscripciones P\u00fablico general y Estudiante incluye: acceso a las actividades cient\u00edficas del congreso (plenarias y salas simult\u00e1neas), visitas t\u00e9cnicas, material impreso y las siguientes actividades sociales: coffee breaks y cocktail de apertura<\/p>\n\n\n\n<p>Inscripci\u00f3n Ponente Profesional y Ponente Estudiante incluye: acceso las actividades cient\u00edficas del congreso (plenarias y salas simult\u00e1neas); visitas t\u00e9cnicas, material impreso y las siguientes actividades sociales: coffee breaks y cocktail de apertura. Una misma persona registrada puede presentar hasta un m\u00e1ximo de tres art\u00edculos (previamente aprobados)<\/p>\n<\/div>\n","protected":false},"excerpt":{"rendered":"<p>COSTO DE INSCRIPCIONES TABLA DE VALORES EXCLUSIVO PARA PRESENTADORES DE PONENCIAS* Hasta 31\/01\/2024 Publico en general &#8230;&#8230;&#8230; USD 180 Estudiante &#8230;&#8230;&#8230;&#8230;&#8230;&#8230;&#8230;. USD 80 *solo v\u00e1lido para estudiantes de pregrado Hasta el 15\/11\/2023 P\u00fablico en general &#8230;&#8230;&#8230; USD 180 Estudiante *&#8230;&#8230;&#8230;&#8230;&#8230;&#8230;&#8230;. USD 80 *solo v\u00e1lido para estudiantes de pregrado Hasta el [&hellip;]<\/p>\n","protected":false},"author":1,"featured_media":0,"parent":0,"menu_order":0,"comment_status":"closed","ping_status":"closed","template":"","meta":{"_themeisle_gutenberg_block_has_review":false,"footnotes":""},"_links":{"self":[{"href":"https:\/\/clatpu.org\/ediciones-anteriores\/2024\/wp-json\/wp\/v2\/pages\/167"}],"collection":[{"href":"https:\/\/clatpu.org\/ediciones-anteriores\/2024\/wp-json\/wp\/v2\/pages"}],"about":[{"href":"https:\/\/clatpu.org\/ediciones-anteriores\/2024\/wp-json\/wp\/v2\/types\/page"}],"author":[{"embeddable":true,"href":"https:\/\/clatpu.org\/ediciones-anteriores\/2024\/wp-json\/wp\/v2\/users\/1"}],"replies":[{"embeddable":true,"href":"https:\/\/clatpu.org\/ediciones-anteriores\/2024\/wp-json\/wp\/v2\/comments?post=167"}],"version-history":[{"count":13,"href":"https:\/\/clatpu.org\/ediciones-anteriores\/2024\/wp-json\/wp\/v2\/pages\/167\/revisions"}],"predecessor-version":[{"id":753,"href":"https:\/\/clatpu.org\/ediciones-anteriores\/2024\/wp-json\/wp\/v2\/pages\/167\/revisions\/753"}],"wp:attachment":[{"href":"https:\/\/clatpu.org\/ediciones-anteriores\/2024\/wp-json\/wp\/v2\/media?parent=167"}],"curies":[{"name":"wp","href":"https:\/\/api.w.org\/{rel}","templated":true}]}}